331107 composite?
False
Is 585269 a prime number?
True
Is 1468387 a prime number?
True
Is 2668469 prime?
True
Is 33395 composite?
True
Is 8663 a composite number?
False
Is 532051 a prime number?
False
Is 424997 a prime number?
True
Is 853733 composite?
False
Is 814877 a composite number?
True
Is 50231 a prime number?
True
Is 18527 prime?
False
Is 1399 a prime number?
True
Is 26654 a prime number?
False
Is 25621 prime?
True
Is 357763 a composite number?
True
Is 1841 a prime number?
False
Is 32557 a prime number?
False
Is 4874 prime?
False
Is 7669 prime?
True
Is 551 prime?
False
Is 8422 a composite number?
True
Is 425389 composite?
True
Is 989 composite?
True
Is 157 prime?
True
Is 1504237 composite?
True
Is 18367 a composite number?
False
Is 102161 a composite number?
False
Is 238967 prime?
True
Is 28789 prime?
True
Is 3153 a composite number?
True
Is 14519 a prime number?
True
Is 12057 a prime number?
False
Is 30293 a prime number?
True
Is 7499 prime?
True
Is 727 prime?
True
Is 15961 a prime number?
False
Is 790781 a prime number?
True
Is 24483 a composite number?
True
Is 4559 prime?
False
Is 4721 composite?
False
Is 3145757 prime?
False
Is 1087 prime?
True
Is 6931 composite?
True
Is 4387 a prime number?
False
Is 3150671 a prime number?
True
Is 2437 prime?
True
Is 379 prime?
True
Is 12367 prime?
False
Is 359287 prime?
False
Is 51043 prime?
True
Is 321601 a composite number?
True
Is 1024538 a prime number?
False
Is 1271069 prime?
True
Is 3497 prime?
False
Is 7283 a prime number?
True
Is 118447 a composite number?
True
Is 573 a prime number?
False
Is 625129 prime?
True
Is 120157 a composite number?
False
Is 3449 composite?
False
Is 8356417 a prime number?
True
Is 181183 prime?
True
Is 12661 a prime number?
False
Is 650099 a prime number?
True
Is 10583 a composite number?
True
Is 712159 a prime number?
False
Is 22681 prime?
False
Is 1996967 prime?
False
Is 79741 composite?
True
Is 425327 a composite number?
True
Is 3397811 a prime number?
True
Is 6431 a prime number?
False
Is 42583 composite?
True
Is 305909 a prime number?
False
Is 7831 a composite number?
True
Is 432151 a prime number?
False
Is 274661 a prime number?
True
Is 336463 a prime number?
True
Is 366593 a composite number?
False
Is 48017 composite?
False
Is 705001 a composite number?
True
Is 108249 composite?
True
Is 1467839 composite?
False
Is 14797 a prime number?
True
Is 16273 a composite number?
False
Is 647 prime?
True
Is 48173 composite?
True
Is 4087 composite?
True
Is 1603397 a composite number?
False
Is 1001909 a composite number?
True
Is 178739 composite?
True
Is 146161 a composite number?
False
Is 21419 prime?
True
Is 3040877 a composite number?
True
Is 14981 prime?
False
Is 345781 prime?
False
Is 3043 a composite number?
True
Is 1302259 a composite number?
True
Is 10231 composite?
True
Is 25523 a composite number?
False
Is 1663 a composite number?
False
Is 2794147 composite?
False
Is 433841 a composite number?
True
Is 167641 a prime number?
True
Is 451039 a prime number?
True
Is 11471 a prime number?
True
Is 919501 a composite number?
True
Is 110807 composite?
False
Is 897599 composite?
True
Is 96527 a prime number?
True
Is 3203 a prime number?
True
Is 3163 composite?
False
Is 163307 a prime number?
True
Is 28639 a prime number?
False
Is 983 prime?
True
Is 497567 prime?
False
Is 195359 a prime number?
True
Is 80029 composite?
True
Is 448265 prime?
False
Is 104153 composite?
True
Is 191189 prime?
True
Is 1888631 a prime number?
False
Is 45377 a composite number?
False
Is 21169 prime?
True
Is 220109 a composite number?
True
Is 58937 a composite number?
False
Is 333679 a composite number?
False
Is 5639 composite?
False
Is 18965 composite?
True
Is 24965 a composite number?
True
Is 1361 a composite number?
False
Is 8929 a composite number?
False
Is 109073 a composite number?
False
Is 25867 a prime number?
True
Is 2901 prime?
False
Is 778187 a prime number?
True
Is 2240423 a prime number?
False
Is 853 prime?
True
Is 66337 a composite number?
False
Is 732707 a prime number?
False
Is 140099 prime?
False
Is 9767 a composite number?
False
Is 10601 composite?
False
Is 8353 composite?
False
Is 100774 a prime number?
False
Is 1947851 a prime number?
True
Is 3739 prime?
True
Is 391243 a composite number?
True
Is 26021 prime?
True
Is 125285 prime?
False
Is 15061 a composite number?
False
Is 201009 prime?
False
Is 8947 prime?
False
Is 89663 composite?
True
Is 2957 a prime number?
True
Is 771349 a prime number?
True
Is 40993 composite?
False
Is 4312559 a prime number?
True
Is 101713 composite?
True
Is 72133 composite?
True
Is 446713 a prime number?
True
Is 152833 composite?
False
Is 1927 prime?
False
Is 347638 a prime number?
False
Is 289634 a composite number?
True
Is 5581 a composite number?
False
Is 2342 composite?
True
Is 299933 a composite number?
False
Is 1426253 a prime number?
False
Is 159233 a composite number?
False
Is 35143 composite?
True
Is 418459 composite?
False
Is 181517 a prime number?
False
Is 14879 composite?
False
Is 19001 composite?
False
Is 2384659 prime?
True
Is 38899 a prime number?
False
Is 41729 prime?
True
Is 619591 a prime number?
False
Is 75149 composite?
False
Is 3833 a composite number?
False
Is 250799 a prime number?
True
Is 439669 a composite number?
True
Is 26305 a composite number?
True
Is 626062 a prime number?
False
Is 6623 a prime number?
False
Is 113921 prime?
True
Is 14173 prime?
True
Is 71637 a composite number?
True
Is 302942 a prime number?
False
Is 6953 composite?
True
Is 217571 a composite number?
True
Is 7829 a composite number?
False
Is 25853 prime?
False
Is 65671 a prime number?
False
Is 32869 prime?
True
Is 26303 a composite number?
True
Is 25697 composite?
True
Is 71935 a composite number?
True
Is 14219 a prime number?
False
Is 6115 prime?
False
Is 302441 composite?
True
Is 1729543 a composite number?
False
Is 58391 prime?
True
Is 129667 prime?
False
Is 175433 a prime number?
True
Is 38897 prime?
False
Is 56519 prime?
True
Is 7886 composite?
True
Is 608305 prime?
False
Is 1361 a composite number?
False
Is 249493 composite?
True
Is 153607 composite?
False
Is 607471 a prime number?
True
Is 99943 a prime number?
False
Is 13739 prime?
False
Is 958 composite?
True
Is 10007 a prime number?
True
Is 746545 a prime number?
False
Is 541 composite?
False
Is 3444178 composite?
True
Is 76745 a prime number?
False
Is 13649 a prime number?
True
Is 34087 a composite number?
True
Is 963019 a prime number?
True
Is 24179 a prime number?
True
Is 17855 prime?
False
Is 48839 prime?
False
Is 7219 prime?
True
Is 728661 composite?
True
Is 51097 prime?
False
Is 7633 a prime number?
False
Is 11411 prime?
True
Is 8191 composite?
False
Is 21209 prime?
False
Is 262 prime?
False
Is 53717 prime?
True
Is 20639 a composite number?
False
Is 119683 composite?
True
Is 87179 a composite number?
False
Is 7639 a composite number?
False
Is 560159 composite?
False
Is 55291 composite?
False
Is 468883 a composite number?
False
Is 1399 composite?
False
Is 22469 a prime number?
True
Is 406621 a composite number?
True
Is 41009 composite?
True
Is 774303 composite?
True
Is 394349 composite?
True
Is 24322 composite?
True
Is 28277 a prime number?
True
Is 2022635 prime?
False
Is 129527 a composite number?
False
Is 19231 composite?
False
Is 47501 prime?
True
Is 934599 a prime number?
False
Is 74417 a prime number?
False
Is 2957 a composite number?
False
Is 663127 a composite number?
False
Is 629059 composite?
False
Is 3048153 a composite number?
True
Is 66217 a prime number?
False
Is 134297 a prime number?
False
Is 37607 a prime number?
True
Is 17002 prime?
False
Is 1376135 a prime number?
False
Is 10133 composite?
False
Is 19567 prime?
False
Is 6121 prime?
True
Is 3564193 prime?
True
Is 13801 a composite number?
True
Is 76037 a prime number?
False
Is 117485 prime?
False
Is 254 a composite number?
True
Is 1238 prime?
False
Is 264633 composite?
True
Is 659591 a prime number?
True
Is 1262 prime?
False
Is 19835 a prime number?
False
Is 11159 prime?
True
Is 3665615 a prime number?
False
Is 789883 prime?
True
Is 1011667 prime?
True
Is 1723031 a composite number?
False
Is 22471 prime?
False
Is 6609 a composite number?
True
Is 18671 a composite number?
False
Is 189201 composite?
True
Is 484379 a co